 are the prime factors of 11528285?
5, 83, 27779
List the prime factors of 2969404390.
2, 5, 296940439
List the prime factors of 3631614.
2, 3, 7, 86467
List the prime factors of 196968450.
2, 3, 5, 7, 109, 1721
What are the prime factors of 579430595?
5, 6473, 17903
List the prime factors of 252522336.
2, 3, 11, 23, 37, 281
What are the prime factors of 58769491?
11, 1453, 3677
What are the prime factors of 50115635?
5, 19, 527533
What are the prime factors of 45403977?
3, 19, 796561
What are the prime factors of 238325193?
3, 17, 519227
What are the prime factors of 772323168?
2, 3, 379, 21227
What are the prime factors of 32463144?
2, 3, 7, 41, 1571
List the prime factors of 720284434.
2, 360142217
List the prime factors of 152670644.
2, 7, 5452523
What are the prime factors of 2853182370?
2, 3, 5, 73, 557, 2339
List the prime factors of 5188915610.
2, 5, 17, 2351, 12983
What are the prime factors of 6051651356?
2, 547, 2765837
What are the prime factors of 2459001775?
5, 107, 919253
List the prime factors of 481343531.
73, 6593747
What are the prime factors of 56449692?
2, 3, 13, 120619
List the prime factors of 301534716.
2, 3, 7, 3589699
List the prime factors of 2364735711.
3, 13, 4664173
What are the prime factors of 316644642?
2, 3, 17591369
What are the prime factors of 1376647023?
3, 29, 15823529
What are the prime factors of 114333408?
2, 3, 7, 56713
List the prime factors of 119311691.
119311691
What are the prime factors of 4435155357?
3, 293, 5045683
What are the prime factors of 1020484120?
2, 5, 25512103
What are the prime factors of 11127277?
7, 41, 137, 283
List the prime factors of 2584741625.
5, 17, 1216349
List the prime factors of 1257931533.
3, 419310511
List the prime factors of 24705008.
2, 1544063
List the prime factors of 899280641.
7, 128468663
What are the prime factors of 1438069010?
2, 5, 7, 37, 233, 2383
What are the prime factors of 672447754?
2, 11, 30565807
What are the prime factors of 377374447?
19, 613, 32401
List the prime factors of 590480408.
2, 7, 10544293
List the prime factors of 43515080.
2, 5, 7, 23, 29, 233
What are the prime factors of 80702368?
2, 2521949
List the prime factors of 1988568515.
5, 37, 347, 30977
What are the prime factors of 1095721420?
2, 5, 311, 176161
List the prime factors of 41839015.
5, 8367803
What are the prime factors of 177727684?
2, 67, 663163
What are the prime factors of 499797200?
2, 5, 7, 103, 1733
List the prime factors of 149453502.
2, 3, 11, 401, 5647
List the prime factors of 2550193113.
3, 13, 131, 499157
What are the prime factors of 474677075?
5, 29, 654727
What are the prime factors of 22157625?
3, 5, 7, 23, 367
What are the prime factors of 1170024254?
2, 7, 11939023
What are the prime factors of 421064180?
2, 5, 67, 314227
List the prime factors of 1539884851.
269, 5724479
What are the prime factors of 1353481144?
2, 227, 811, 919
List the prime factors of 1077196762.
2, 37, 14556713
What are the prime factors of 88543894?
2, 641, 69067
List the prime factors of 1499766891.
3, 7, 107, 811, 823
List the prime factors of 42596743.
7, 1049, 5801
List the prime factors of 446337607.
19, 1033, 22741
What are the prime factors of 408803253?
3, 2789, 48859
List the prime factors of 257079212.
2, 13, 4943831
What are the prime factors of 746304620?
2, 5, 37315231
What are the prime factors of 993331842?
2, 3, 165555307
List the prime factors of 327681339.
3, 59, 457, 4051
List the prime factors of 10542841.
383, 27527
List the prime factors of 765717809.
765717809
List the prime factors of 4291122.
2, 3, 11, 79, 823
List the prime factors of 46413213.
3, 7, 11, 17, 53, 223
List the prime factors of 193884509.
7, 13, 31, 68729
What are the prime factors of 60686845?
5, 37, 328037
List the prime factors of 2021608028.
2, 11, 45945637
What are the prime factors of 2247625211?
13, 47, 3678601
List the prime factors of 191392348.
2, 7, 571, 11971
List the prime factors of 1623089078.
2, 13, 62426503
What are the prime factors of 554251191?
3, 13, 14211569
What are the prime factors of 104103243?
3, 29, 398863
List the prime factors of 1184138508.
2, 3, 7, 53, 37997
List the prime factors of 395626513.
191, 2071343
List the prime factors of 1783910716.
2, 7, 63711097
List the prime factors of 202150579.
59, 283, 12107
What are the prime factors of 2664537657?
3, 10247, 86677
List the prime factors of 345046350.
2, 3, 5, 11, 29, 7211
What are the prime factors of 749386738?
2, 29, 12920461
What are the prime factors of 726272715?
3, 5, 7, 6916883
What are the prime factors of 475613939?
475613939
What are the prime factors of 118370021?
7, 11, 311, 4943
List the prime factors of 273715077.
3, 91238359
List the prime factors of 358462356.
2, 3, 7, 4267409
What are the prime factors of 162462027?
3, 7, 13, 19, 31321
List the prime factors of 331612608.
2, 3, 17, 283, 359
List the prime factors of 3850031470.
2, 5, 61, 2281, 2767
What are the prime factors of 189078937?
19, 9951523
List the prime factors of 32498917.
11, 17, 10223
What are the prime factors of 72059586?
2, 3, 1193, 10067
What are the prime factors of 19294140?
2, 3, 5, 321569
What are the prime factors of 2518681727?
97, 25965791
What are the prime factors of 669840455?
5, 43, 3115537
What are the prime factors of 132894226?
2, 163, 407651
What are the prime factors of 42540603?
3, 7, 179, 11317
List the prime factors of 17693409.
3, 239, 24677
List the prime factors of 1676049461.
29, 83, 696323
List the prime factors of 42796429.
13, 17, 193649
What are the prime factors of 461144870?
2, 5, 46114487
What are the prime factors of 64051618?
2, 3109, 10301
List the prime factors of 46895614.
2, 23447807
List the prime factors of 49015629.
3, 13, 79, 5303
What are the prime factors of 2702095743?
3, 271, 3323611
What are the prime factors of 54267203?
54267203
What are the prime factors of 118219875?
3, 5, 367, 859
What are the prime factors of 742911109?
23, 32300483
What are the prime factors of 3414262240?
2, 5, 21339139
What are the prime factors of 5668345935?
3, 5, 7, 47, 382867
What are the prime factors of 731895748?
2, 149, 1228013
List the prime factors of 8803113.
3, 11, 24251
List the prime factors of 31095547.
7, 634603
What are the prime factors of 408403734?
2, 3, 31, 89, 24671
What are the prime factors of 8266824102?
2, 3, 1377804017
What are the prime factors of 31097722?
2, 15548861
List the prime factors of 1189071097.
25301, 46997
What are the prime factors of 1082810202?
2, 3, 180468367
List the prime factors of 3672695828.
2, 28183, 32579
List the prime factors of 3052757295.
3, 5, 7, 41, 78791
What are the prime factors of 38934231?
3, 7, 1854011
List the prime factors of 1088681233.
1088681233
What are the prime factors of 338676445?
5, 67735289
What are the prime factors of 4411405553?
4411405553
What are the prime factors of 6206881?
977, 6353
List the prime factors of 95994785.
5, 29, 61, 10853
What are the prime factors of 88199360?
2, 5, 275623
What are the prime factors of 611982505?
5, 23, 29, 183503
List the prime factors of 3051078966.
2, 3, 13, 13038799
List the prime factors of 129642403.
11, 31, 47, 8089
List the prime factors of 21644171.
21644171
List the prime factors of 167234436.
2, 3, 1033, 1499
What are the prime factors of 373415961?
3, 739, 168433
List the prime factors of 178070682.
2, 3, 17, 137, 12743
List the prime factors of 3765078116.
2, 37, 25439717
List the prime factors of 1731513124.
2, 11, 37, 733, 1451
What are the prime factors of 31687092?
2, 3, 293399
What are the prime factors of 62977866?
2, 3, 7, 487, 3079
What are the prime factors of 903032620?
2, 5, 7, 47, 137239
List the prime factors of 66510382.
2, 33255191
What are the prime factors of 985872519?
3, 73, 223, 2243
List the prime factors of 163761478.
2, 199, 479, 859
List the prime factors of 54974548.
2, 59, 73, 3191
List the prime factors of 265250500.
2, 5, 530501
What are the prime factors of 1420290280?
2, 5, 19, 101, 18503
List the prime factors of 5971021398.
2, 3, 23, 14422757
List the prime factors of 489831803.
489831803
What are the prime factors of 188382255?
3, 5, 457, 27481
What are the prime factors of 1876363471?
1876363471
What are the prime factors of 1846446980?
2,